{"id":17,"date":"2019-03-10T14:41:38","date_gmt":"2019-03-10T14:41:38","guid":{"rendered":"https:\/\/vrtna-oprema.si\/?page_id=17"},"modified":"2023-02-12T14:11:33","modified_gmt":"2023-02-12T14:11:33","slug":"nadstreski","status":"publish","type":"page","link":"https:\/\/vrtna-oprema.si\/?page_id=17","title":{"rendered":"NADSTRE\u0160KI"},"content":{"rendered":"\n<h1 class=\"wp-block-heading\"><strong>O podjetju krt\u21d2\u21d2<\/strong><\/h1>\n\n\n\n<blockquote class=\"wp-block-quote is-layout-flow wp-block-quote-is-layout-flow\">\n<p><strong><mark style=\"background-color:rgba(0, 0, 0, 0)\" class=\"has-inline-color has-black-color\">Z izdelavo in monta\u017eo vrtne opreme se ukvarjamo od leta 1999. Res smo majhni, a smo konkuren\u010dni z ceno in kvaliteto.<\/mark><\/strong><\/p>\n\n\n\n<p><strong>Imamo pester izbor vrtnih paviljonov, vrtnih hi\u0161ic, kozolcev in ostale vrtne opreme, seveda pa poleg tipskih izdelkov radi prisluhnemo in se prilagodimo va\u0161im \u017eeljam in potrebam.<\/strong><\/p>\n<\/blockquote>\n\n\n\n<figure class=\"wp-block-gallery has-nested-images columns-default is-cropped wp-block-gallery-1 is-layout-flex wp-block-gallery-is-layout-flex\">\n<figure class=\"wp-block-image size-large\"><img loading=\"lazy\" decoding=\"async\" width=\"617\" height=\"463\" data-id=\"18\" src=\"https:\/\/vrtna-oprema.si\/wp-content\/uploads\/2019\/03\/nadstrec5a1ek-2.jpg\" alt=\"\" class=\"wp-image-18\" srcset=\"https:\/\/vrtna-oprema.si\/wp-content\/uploads\/2019\/03\/nadstrec5a1ek-2.jpg 617w, https:\/\/vrtna-oprema.si\/wp-content\/uploads\/2019\/03\/nadstrec5a1ek-2-300x225.jpg 300w\" sizes=\"auto, (max-width: 617px) 100vw, 617px\" \/><\/figure>\n\n\n\n<figure class=\"wp-block-image size-large\"><img loading=\"lazy\" decoding=\"async\" width=\"564\" height=\"423\" data-id=\"20\" src=\"https:\/\/vrtna-oprema.si\/wp-content\/uploads\/2019\/03\/nadstrec5a1ek-1.jpg\" alt=\"\" class=\"wp-image-20\" srcset=\"https:\/\/vrtna-oprema.si\/wp-content\/uploads\/2019\/03\/nadstrec5a1ek-1.jpg 564w, https:\/\/vrtna-oprema.si\/wp-content\/uploads\/2019\/03\/nadstrec5a1ek-1-300x225.jpg 300w\" sizes=\"auto, (max-width: 564px) 100vw, 564px\" \/><\/figure>\n\n\n\n<figure class=\"wp-block-image size-large\"><img loading=\"lazy\" decoding=\"async\" width=\"1024\" height=\"768\" data-id=\"111\" src=\"https:\/\/vrtna-oprema.si\/wp-content\/uploads\/2021\/01\/20201002_113544-1024x768.jpg\" alt=\"\" class=\"wp-image-111\" srcset=\"https:\/\/vrtna-oprema.si\/wp-content\/uploads\/2021\/01\/20201002_113544-1024x768.jpg 1024w, https:\/\/vrtna-oprema.si\/wp-content\/uploads\/2021\/01\/20201002_113544-300x225.jpg 300w, https:\/\/vrtna-oprema.si\/wp-content\/uploads\/2021\/01\/20201002_113544-768x576.jpg 768w, https:\/\/vrtna-oprema.si\/wp-content\/uploads\/2021\/01\/20201002_113544-600x450.jpg 600w, https:\/\/vrtna-oprema.si\/wp-content\/uploads\/2021\/01\/20201002_113544-1067x800.jpg 1067w, https:\/\/vrtna-oprema.si\/wp-content\/uploads\/2021\/01\/20201002_113544-1536x1152.jpg 1536w, https:\/\/vrtna-oprema.si\/wp-content\/uploads\/2021\/01\/20201002_113544-2048x1536.jpg 2048w\" sizes=\"auto, (max-width: 1024px) 100vw, 1024px\" \/><\/figure>\n<\/figure>\n\n\n<div class=\"wp-block-image\">\n<figure class=\"aligncenter size-large\"><img loading=\"lazy\" decoding=\"async\" width=\"1024\" height=\"768\" src=\"https:\/\/vrtna-oprema.si\/wp-content\/uploads\/2023\/02\/Resized_20230127_143258-1-1024x768.jpeg\" alt=\"\" class=\"wp-image-159\" srcset=\"https:\/\/vrtna-oprema.si\/wp-content\/uploads\/2023\/02\/Resized_20230127_143258-1-1024x768.jpeg 1024w, https:\/\/vrtna-oprema.si\/wp-content\/uploads\/2023\/02\/Resized_20230127_143258-1-300x225.jpeg 300w, https:\/\/vrtna-oprema.si\/wp-content\/uploads\/2023\/02\/Resized_20230127_143258-1-768x576.jpeg 768w, https:\/\/vrtna-oprema.si\/wp-content\/uploads\/2023\/02\/Resized_20230127_143258-1-600x450.jpeg 600w, https:\/\/vrtna-oprema.si\/wp-content\/uploads\/2023\/02\/Resized_20230127_143258-1-1067x800.jpeg 1067w, https:\/\/vrtna-oprema.si\/wp-content\/uploads\/2023\/02\/Resized_20230127_143258-1.jpeg 1440w\" sizes=\"auto, (max-width: 1024px) 100vw, 1024px\" \/><\/figure><\/div>\n\n\n<p><strong><mark style=\"background-color:rgba(0, 0, 0, 0)\" class=\"has-inline-color has-black-color\">V podjetju dr\u017eimo \u017ee dolgo tradicijo s kvaliteto in kakovostjo na\u0161ih izdelkov. S tem si pridobimo zadovoljstvo in naklonjenost na\u0161ih strank. Imamo zelo obse\u017eno ponudbo, poleg tega da se prilagajamo strankam in delamo tudi po naro\u010dilu. S tem dose\u017eemo ve\u010dji uspeh na tr\u017ei\u0161\u010du, zadovoljstvo pri strankah in na\u0161e notranje zadovoljstvo oziroma lasten uspeh.\u010d\u0107<\/mark><\/strong><\/p>\n","protected":false},"excerpt":{"rendered":"<p>O podjetju krt\u21d2\u21d2 Z izdelavo in monta\u017eo vrtne opreme se ukvarjamo od leta 1999. Res smo majhni, a smo konkuren\u010dni z ceno in kvaliteto. Imamo pester izbor vrtnih paviljonov, vrtnih hi\u0161ic, kozolcev<\/p>\n<a class=\"moretag noptoppad\" href=\"https:\/\/vrtna-oprema.si\/?page_id=17\">Read More...<\/a>","protected":false},"author":1,"featured_media":0,"parent":0,"menu_order":0,"comment_status":"closed","ping_status":"closed","template":"","meta":{"footnotes":""},"class_list":["post-17","page","type-page","status-publish","hentry"],"yoast_head":"<!-- This site is optimized with the Yoast SEO plugin v27.4 - https:\/\/yoast.com\/product\/yoast-seo-wordpress\/ -->\n<title>NADSTRE\u0160KI - VRTNA OPREMA<\/title>\n<meta name=\"robots\" content=\"index, follow, max-snippet:-1, max-image-preview:large, max-video-preview:-1\" \/>\n<link rel=\"canonical\" href=\"https:\/\/vrtna-oprema.si\/?page_id=17\" \/>\n<meta property=\"og:locale\" content=\"en_US\" \/>\n<meta property=\"og:type\" content=\"article\" \/>\n<meta property=\"og:title\" content=\"NADSTRE\u0160KI - VRTNA OPREMA\" \/>\n<meta property=\"og:description\" content=\"O podjetju krt\u21d2\u21d2 Z izdelavo in monta\u017eo vrtne opreme se ukvarjamo od leta 1999. Res smo majhni, a smo konkuren\u010dni z ceno in kvaliteto. Imamo pester izbor vrtnih paviljonov, vrtnih hi\u0161ic, kozolcev\" \/>\n<meta property=\"og:url\" content=\"https:\/\/vrtna-oprema.si\/?page_id=17\" \/>\n<meta property=\"og:site_name\" content=\"VRTNA OPREMA\" \/>\n<meta property=\"article:publisher\" content=\"https:\/\/www.facebook.com\/\" \/>\n<meta property=\"article:modified_time\" content=\"2023-02-12T14:11:33+00:00\" \/>\n<meta property=\"og:image\" content=\"https:\/\/vrtna-oprema.si\/wp-content\/uploads\/2019\/03\/nadstrec5a1ek-2.jpg\" \/>\n<meta name=\"twitter:card\" content=\"summary_large_image\" \/>\n<meta name=\"twitter:label1\" content=\"Est. reading time\" \/>\n\t<meta name=\"twitter:data1\" content=\"2 minutes\" \/>\n<script type=\"application\/ld+json\" class=\"yoast-schema-graph\">{\"@context\":\"https:\\\/\\\/schema.org\",\"@graph\":[{\"@type\":\"WebPage\",\"@id\":\"https:\\\/\\\/vrtna-oprema.si\\\/?page_id=17\",\"url\":\"https:\\\/\\\/vrtna-oprema.si\\\/?page_id=17\",\"name\":\"NADSTRE\u0160KI - VRTNA OPREMA\",\"isPartOf\":{\"@id\":\"https:\\\/\\\/vrtna-oprema.si\\\/#website\"},\"primaryImageOfPage\":{\"@id\":\"https:\\\/\\\/vrtna-oprema.si\\\/?page_id=17#primaryimage\"},\"image\":{\"@id\":\"https:\\\/\\\/vrtna-oprema.si\\\/?page_id=17#primaryimage\"},\"thumbnailUrl\":\"https:\\\/\\\/vrtna-oprema.si\\\/wp-content\\\/uploads\\\/2019\\\/03\\\/nadstrec5a1ek-2.jpg\",\"datePublished\":\"2019-03-10T14:41:38+00:00\",\"dateModified\":\"2023-02-12T14:11:33+00:00\",\"breadcrumb\":{\"@id\":\"https:\\\/\\\/vrtna-oprema.si\\\/?page_id=17#breadcrumb\"},\"inLanguage\":\"en-US\",\"potentialAction\":[{\"@type\":\"ReadAction\",\"target\":[\"https:\\\/\\\/vrtna-oprema.si\\\/?page_id=17\"]}]},{\"@type\":\"ImageObject\",\"inLanguage\":\"en-US\",\"@id\":\"https:\\\/\\\/vrtna-oprema.si\\\/?page_id=17#primaryimage\",\"url\":\"https:\\\/\\\/vrtna-oprema.si\\\/wp-content\\\/uploads\\\/2019\\\/03\\\/nadstrec5a1ek-2.jpg\",\"contentUrl\":\"https:\\\/\\\/vrtna-oprema.si\\\/wp-content\\\/uploads\\\/2019\\\/03\\\/nadstrec5a1ek-2.jpg\",\"width\":617,\"height\":463},{\"@type\":\"BreadcrumbList\",\"@id\":\"https:\\\/\\\/vrtna-oprema.si\\\/?page_id=17#breadcrumb\",\"itemListElement\":[{\"@type\":\"ListItem\",\"position\":1,\"name\":\"Home\",\"item\":\"https:\\\/\\\/vrtna-oprema.si\\\/\"},{\"@type\":\"ListItem\",\"position\":2,\"name\":\"NADSTRE\u0160KI\"}]},{\"@type\":\"WebSite\",\"@id\":\"https:\\\/\\\/vrtna-oprema.si\\\/#website\",\"url\":\"https:\\\/\\\/vrtna-oprema.si\\\/\",\"name\":\"VRTNA OPREMA\",\"description\":\"VRTNA OPREMA\",\"publisher\":{\"@id\":\"https:\\\/\\\/vrtna-oprema.si\\\/#organization\"},\"potentialAction\":[{\"@type\":\"SearchAction\",\"target\":{\"@type\":\"EntryPoint\",\"urlTemplate\":\"https:\\\/\\\/vrtna-oprema.si\\\/?s={search_term_string}\"},\"query-input\":{\"@type\":\"PropertyValueSpecification\",\"valueRequired\":true,\"valueName\":\"search_term_string\"}}],\"inLanguage\":\"en-US\"},{\"@type\":\"Organization\",\"@id\":\"https:\\\/\\\/vrtna-oprema.si\\\/#organization\",\"name\":\"Bojan Krt - nosilec dopolnilne dejavnosti na kmetiji\",\"url\":\"https:\\\/\\\/vrtna-oprema.si\\\/\",\"logo\":{\"@type\":\"ImageObject\",\"inLanguage\":\"en-US\",\"@id\":\"https:\\\/\\\/vrtna-oprema.si\\\/#\\\/schema\\\/logo\\\/image\\\/\",\"url\":\"https:\\\/\\\/vrtna-oprema.si\\\/wp-content\\\/uploads\\\/2019\\\/03\\\/otro\u0161ke-hi\u0161ice.jpg\",\"contentUrl\":\"https:\\\/\\\/vrtna-oprema.si\\\/wp-content\\\/uploads\\\/2019\\\/03\\\/otro\u0161ke-hi\u0161ice.jpg\",\"width\":324,\"height\":576,\"caption\":\"Bojan Krt - nosilec dopolnilne dejavnosti na kmetiji\"},\"image\":{\"@id\":\"https:\\\/\\\/vrtna-oprema.si\\\/#\\\/schema\\\/logo\\\/image\\\/\"},\"sameAs\":[\"https:\\\/\\\/www.facebook.com\\\/\",\"https:\\\/\\\/www.instagram.com\\\/\",\"https:\\\/\\\/www.linkedin.com\\\/\",\"https:\\\/\\\/www.myspace.com\\\/\",\"https:\\\/\\\/www.pinterest.com\\\/\",\"https:\\\/\\\/www.youtube.com\\\/\"]}]}<\/script>\n<!-- \/ Yoast SEO plugin. -->","yoast_head_json":{"title":"NADSTRE\u0160KI - VRTNA OPREMA","robots":{"index":"index","follow":"follow","max-snippet":"max-snippet:-1","max-image-preview":"max-image-preview:large","max-video-preview":"max-video-preview:-1"},"canonical":"https:\/\/vrtna-oprema.si\/?page_id=17","og_locale":"en_US","og_type":"article","og_title":"NADSTRE\u0160KI - VRTNA OPREMA","og_description":"O podjetju krt\u21d2\u21d2 Z izdelavo in monta\u017eo vrtne opreme se ukvarjamo od leta 1999. Res smo majhni, a smo konkuren\u010dni z ceno in kvaliteto. Imamo pester izbor vrtnih paviljonov, vrtnih hi\u0161ic, kozolcev","og_url":"https:\/\/vrtna-oprema.si\/?page_id=17","og_site_name":"VRTNA OPREMA","article_publisher":"https:\/\/www.facebook.com\/","article_modified_time":"2023-02-12T14:11:33+00:00","og_image":[{"url":"https:\/\/vrtna-oprema.si\/wp-content\/uploads\/2019\/03\/nadstrec5a1ek-2.jpg","type":"","width":"","height":""}],"twitter_card":"summary_large_image","twitter_misc":{"Est. reading time":"2 minutes"},"schema":{"@context":"https:\/\/schema.org","@graph":[{"@type":"WebPage","@id":"https:\/\/vrtna-oprema.si\/?page_id=17","url":"https:\/\/vrtna-oprema.si\/?page_id=17","name":"NADSTRE\u0160KI - VRTNA OPREMA","isPartOf":{"@id":"https:\/\/vrtna-oprema.si\/#website"},"primaryImageOfPage":{"@id":"https:\/\/vrtna-oprema.si\/?page_id=17#primaryimage"},"image":{"@id":"https:\/\/vrtna-oprema.si\/?page_id=17#primaryimage"},"thumbnailUrl":"https:\/\/vrtna-oprema.si\/wp-content\/uploads\/2019\/03\/nadstrec5a1ek-2.jpg","datePublished":"2019-03-10T14:41:38+00:00","dateModified":"2023-02-12T14:11:33+00:00","breadcrumb":{"@id":"https:\/\/vrtna-oprema.si\/?page_id=17#breadcrumb"},"inLanguage":"en-US","potentialAction":[{"@type":"ReadAction","target":["https:\/\/vrtna-oprema.si\/?page_id=17"]}]},{"@type":"ImageObject","inLanguage":"en-US","@id":"https:\/\/vrtna-oprema.si\/?page_id=17#primaryimage","url":"https:\/\/vrtna-oprema.si\/wp-content\/uploads\/2019\/03\/nadstrec5a1ek-2.jpg","contentUrl":"https:\/\/vrtna-oprema.si\/wp-content\/uploads\/2019\/03\/nadstrec5a1ek-2.jpg","width":617,"height":463},{"@type":"BreadcrumbList","@id":"https:\/\/vrtna-oprema.si\/?page_id=17#breadcrumb","itemListElement":[{"@type":"ListItem","position":1,"name":"Home","item":"https:\/\/vrtna-oprema.si\/"},{"@type":"ListItem","position":2,"name":"NADSTRE\u0160KI"}]},{"@type":"WebSite","@id":"https:\/\/vrtna-oprema.si\/#website","url":"https:\/\/vrtna-oprema.si\/","name":"VRTNA OPREMA","description":"VRTNA OPREMA","publisher":{"@id":"https:\/\/vrtna-oprema.si\/#organization"},"potentialAction":[{"@type":"SearchAction","target":{"@type":"EntryPoint","urlTemplate":"https:\/\/vrtna-oprema.si\/?s={search_term_string}"},"query-input":{"@type":"PropertyValueSpecification","valueRequired":true,"valueName":"search_term_string"}}],"inLanguage":"en-US"},{"@type":"Organization","@id":"https:\/\/vrtna-oprema.si\/#organization","name":"Bojan Krt - nosilec dopolnilne dejavnosti na kmetiji","url":"https:\/\/vrtna-oprema.si\/","logo":{"@type":"ImageObject","inLanguage":"en-US","@id":"https:\/\/vrtna-oprema.si\/#\/schema\/logo\/image\/","url":"https:\/\/vrtna-oprema.si\/wp-content\/uploads\/2019\/03\/otro\u0161ke-hi\u0161ice.jpg","contentUrl":"https:\/\/vrtna-oprema.si\/wp-content\/uploads\/2019\/03\/otro\u0161ke-hi\u0161ice.jpg","width":324,"height":576,"caption":"Bojan Krt - nosilec dopolnilne dejavnosti na kmetiji"},"image":{"@id":"https:\/\/vrtna-oprema.si\/#\/schema\/logo\/image\/"},"sameAs":["https:\/\/www.facebook.com\/","https:\/\/www.instagram.com\/","https:\/\/www.linkedin.com\/","https:\/\/www.myspace.com\/","https:\/\/www.pinterest.com\/","https:\/\/www.youtube.com\/"]}]}},"_links":{"self":[{"href":"https:\/\/vrtna-oprema.si\/index.php?rest_route=\/wp\/v2\/pages\/17","targetHints":{"allow":["GET"]}}],"collection":[{"href":"https:\/\/vrtna-oprema.si\/index.php?rest_route=\/wp\/v2\/pages"}],"about":[{"href":"https:\/\/vrtna-oprema.si\/index.php?rest_route=\/wp\/v2\/types\/page"}],"author":[{"embeddable":true,"href":"https:\/\/vrtna-oprema.si\/index.php?rest_route=\/wp\/v2\/users\/1"}],"replies":[{"embeddable":true,"href":"https:\/\/vrtna-oprema.si\/index.php?rest_route=%2Fwp%2Fv2%2Fcomments&post=17"}],"version-history":[{"count":6,"href":"https:\/\/vrtna-oprema.si\/index.php?rest_route=\/wp\/v2\/pages\/17\/revisions"}],"predecessor-version":[{"id":164,"href":"https:\/\/vrtna-oprema.si\/index.php?rest_route=\/wp\/v2\/pages\/17\/revisions\/164"}],"wp:attachment":[{"href":"https:\/\/vrtna-oprema.si\/index.php?rest_route=%2Fwp%2Fv2%2Fmedia&parent=17"}],"curies":[{"name":"wp","href":"https:\/\/api.w.org\/{rel}","templated":true}]}}